
Calculate the greatest common factor of 2064 and 144.
48
What is the greatest common factor of 29227 and 11?
11
What is the greatest common factor of 133 and 3857?
133
Calculate the greatest common divisor of 336 and 8148.
84
What is the greatest common factor of 189 and 273?
21
Calculate the highest common factor of 10 and 98.
2
What is the highest common divisor of 657 and 1387?
73
Calculate the highest common divisor of 775 and 2077.
31
What is the greatest common divisor of 35 and 65?
5
Calculate the highest common divisor of 1625 and 13.
13
Calculate the greatest common factor of 4312 and 264.
88
What is the highest common factor of 351 and 36?
9
Calculate the highest common factor of 627 and 741.
57
Calculate the greatest common factor of 62 and 7998.
62
Calculate the greatest common factor of 18330 and 156.
78
Calculate the greatest common divisor of 648 and 40.
8
What is the highest common factor of 180 and 6180?
60
What is the highest common divisor of 1144 and 440?
88
Calculate the highest common factor of 258 and 12.
6
What is the greatest common divisor of 2620 and 40?
20
What is the greatest common divisor of 4484 and 228?
76
Calculate the greatest common factor of 1702 and 962.
74
What is the highest common factor of 207 and 9?
9
Calculate the highest common divisor of 49 and 49.
49
What is the greatest common divisor of 55 and 209?
11
Calculate the highest common divisor of 1605 and 2247.
321
Calculate the greatest common divisor of 812 and 42.
14
Calculate the greatest common factor of 179 and 358.
179
Calculate the highest common divisor of 253 and 299.
23
Calculate the greatest common factor of 154 and 55.
11
What is the highest common divisor of 111 and 296?
37
What is the greatest common divisor of 368 and 230?
46
Calculate the greatest common factor of 111 and 148.
37
Calculate the greatest common divisor of 13 and 1729.
13
Calculate the greatest common factor of 14 and 497.
7
Calculate the greatest common divisor of 72 and 888.
24
Calculate the greatest common divisor of 725 and 29.
29
Calculate the greatest common factor of 18 and 99.
9
Calculate the greatest common divisor of 18221 and 133.
133
What is the greatest common factor of 170 and 391?
17
Calculate the greatest common factor of 18 and 1314.
18
Calculate the greatest common divisor of 6860 and 7.
7
Calculate the greatest common divisor of 38 and 5111.
19
What is the greatest common factor of 36 and 12?
12
What is the greatest common divisor of 10803 and 39?
39
Calculate the greatest common divisor of 192 and 1568.
32
What is the highest common divisor of 42 and 112?
14
Calculate the highest common factor of 57 and 456.
57
What is the greatest common divisor of 387 and 2881?
43
What is the greatest common factor of 792 and 468?
36
What is the greatest common divisor of 28 and 8414?
14
What is the greatest common factor of 923 and 65?
13
What is the greatest common factor of 286 and 88?
22
Calculate the highest common divisor of 6 and 54.
6
What is the highest common factor of 34 and 85?
17
What is the highest common factor of 30 and 15?
15
Calculate the highest common factor of 780 and 60.
60
Calculate the greatest common divisor of 41517 and 63.
63
What is the highest common divisor of 6 and 17?
1
What is the highest common divisor of 201 and 3?
3
Calculate the highest common divisor of 198 and 1650.
66
Calculate the highest common divisor of 12 and 108.
12
What is the greatest common divisor of 141 and 188?
47
What is the highest common divisor of 2254 and 70?
14
What is the greatest common divisor of 8 and 216?
8
Calculate the greatest common divisor of 3248 and 9512.
232
Calculate the highest common divisor of 10 and 270.
10
Calculate the greatest common factor of 770 and 180.
10
What is the greatest common divisor of 125 and 20?
5
What is the highest common divisor of 3406 and 26?
26
What is the greatest common divisor of 294 and 6?
6
Calculate the highest common divisor of 88 and 550.
22
What is the greatest common divisor of 284 and 2130?
142
What is the greatest common divisor of 57 and 551?
19
What is the highest common divisor of 42 and 182?
14
Calculate the greatest common divisor of 43 and 473.
43
Calculate the highest common divisor of 43030 and 65.
65
What is the greatest common divisor of 1854 and 103?
103
What is the highest common divisor of 43 and 215?
43
Calculate the highest common factor of 60 and 5628.
12
Calculate the highest common factor of 60831 and 81.
81
Calculate the greatest common divisor of 9 and 21.
3
Calculate the greatest common factor of 2226 and 28.
14
Calculate the greatest common factor of 48 and 3936.
48
What is the highest common divisor of 16 and 125056?
16
What is the highest common factor of 90 and 20?
10
What is the greatest common factor of 114 and 1216?
38
What is the highest common factor of 370 and 17686?
74
Calculate the greatest common divisor of 8 and 204.
4
Calculate the greatest common factor of 119 and 17.
17
What is the highest common divisor of 175 and 1085?
35
What is the greatest common divisor of 340 and 595?
85
Calculate the highest common factor of 364 and 252.
28
Calculate the highest common divisor of 61 and 305.
61
Calculate the greatest common factor of 3029 and 104.
13
What is the highest common factor of 1260 and 1452?
12
What is the greatest common factor of 12 and 174?
6
What is the greatest common factor of 11195 and 5?
5
Calculate the highest common divisor of 396 and 120.
12
Calculate the highest common divisor of 2988 and 144.
36
Calculate the greatest common factor of 25 and 725.
25
Calculate the greatest common factor of 3976 and 56.
56
What is the greatest common factor of 40 and 90?
10
Calculate the greatest common divisor of 486 and 18.
18
Calculate the greatest common divisor of 192 and 60.
12
Calculate the greatest common divisor of 26747 and 14.
7
Calculate the highest common divisor of 68 and 64.
4
What is the greatest common factor of 24 and 280?
8
What is the greatest common divisor of 4 and 412?
4
Calculate the highest common factor of 6850 and 50.
50
What is the greatest common divisor of 16 and 764?
4
Calculate the greatest common divisor of 21 and 15981.
21
Calculate the highest common divisor of 374 and 459.
17
What is the greatest common factor of 476 and 56?
28
Calculate the greatest common divisor of 2163 and 21.
21
Calculate the greatest common divisor of 6232 and 41.
41
Calculate the highest common divisor of 2780 and 20.
20
Calculate the greatest common factor of 23 and 7038.
23
What is the highest common divisor of 78 and 39?
39
Calculate the greatest common factor of 91 and 221.
13
What is the highest common divisor of 4 and 20?
4
Calculate the highest common factor of 106 and 2438.
106
What is the highest common factor of 266 and 152?
38
Calculate the highest common factor of 63 and 1287.
9
What is the highest common factor of 23 and 1817?
23
What is the greatest common divisor of 206 and 2678?
206
What is the highest common divisor of 450 and 390?
30
Calculate the highest common factor of 119 and 51.
17
What is the highest common factor of 13 and 5837?
13
Calculate the greatest common factor of 49 and 161.
7
What is the highest common factor of 51 and 21?
3
Calculate the highest common factor of 110 and 2030.
10
What is the greatest common factor of 23 and 115?
23
Calculate the highest common factor of 19 and 8.
1
What is the greatest common divisor of 636 and 1060?
212
Calculate the greatest common divisor of 80 and 30.
10
Calculate the greatest common factor of 1936 and 112.
16
What is the greatest common divisor of 130 and 80?
10
What is the greatest common factor of 62 and 4?
2
Calculate the greatest common divisor of 244 and 4.
4
What is the highest common factor of 132 and 10604?
44
Calculate the highest common divisor of 416 and 156.
52
Calculate the greatest common factor of 32 and 4.
4
Calculate the greatest common factor of 20 and 2290.
10
What is the greatest common divisor of 96 and 8208?
48
What is the highest common factor of 11 and 176?
11
Calculate the greatest common factor of 779 and 893.
19
What is the greatest common factor of 1179 and 9?
9
Calculate the highest common divisor of 1424 and 89.
89
Calculate the greatest common divisor of 4 a